{"id":14,"date":"2011-07-14T19:47:05","date_gmt":"2011-07-14T19:47:05","guid":{"rendered":"http:\/\/www.rodjes-macrales.be\/rodjes\/?page_id=14"},"modified":"2014-06-25T04:15:14","modified_gmt":"2014-06-25T02:15:14","slug":"contacts","status":"publish","type":"page","link":"https:\/\/www.rodjes-macrales.be\/rodjes\/contacts\/","title":{"rendered":"Contacts"},"content":{"rendered":"<div class=\"grid_7 \"><h3>Plan d&rsquo;acc\u00e8s<\/h3>\n<div class=\"google-map\"><iframe src=\"https:\/\/maps.google.be\/maps?f=q&amp;source=s_q&amp;hl=fr&amp;geocode=&amp;q=Rue+Debussy,+Seraing&amp;aq=1&amp;oq=rue+Debussy&amp;sll=49.466554,6.284734&amp;sspn=1.417295,2.469177&amp;ie=UTF8&amp;hq=&amp;hnear=Rue+Debussy,+Boncelles+4100+Seraing,+Li%C3%A8ge,+R%C3%A9gion+wallonne&amp;t=m&amp;ll=50.570755,5.538311&amp;spn=0.016354,0.044546&amp;z=14&amp;iwloc=A&amp;output=embed\" frameborder=\"0\" width=\"520\" height=\"450\" marginwidth=\"0\" marginheight=\"0\" scrolling=\"no\"><\/iframe><\/div>\n<h2>N&rsquo;h\u00e9sitez pas \u00e0 nous contacter pour plus d&rsquo;informations.<\/h2>\n<p>Nous nous ferons un plaisir de vous r\u00e9pondre dans les plus brefs d\u00e9lais. Nous serons ravis que vous vous joigniez \u00e0 nous pour nos prochaines aventures.<\/p>\n<dl class=\"address\">\n<dt>Les Rodjes Macr\u00e2les d&rsquo;\u00e0s Bonc\u00e8les ASBL<\/dt>\n<dt>rue Debussy\u00a010<br \/>\n4100 Boncelles &#8211; Seraing (Belgique)<\/dt>\n<dd>\n<ul>\n<li><span>T\u00e9l\u00e9phone :<\/span>+32 4 337 62 44<\/li>\n<li><span>Gsm :<\/span>+32 495 78 14 12<\/li>\n<li><\/li>\n<li>E-mail: <a href=\"mailto:cancan@skynet.be\">cancan@skynet.be<\/a><\/li>\n<\/ul>\n<\/dd>\n<\/dl><\/div>\n<div class=\"grid_5 \"><h3>Contactez-nous<\/h3>\n<div class=\"wpcf7\" id=\"wpcf7-f846-p14-o1\"><form action=\"\/rodjes\/wp-json\/wp\/v2\/pages\/14#wpcf7-f846-p14-o1\" method=\"post\" class=\"wpcf7-form\" novalidate=\"novalidate\">\n<div style=\"display: none;\">\n<input type=\"hidden\" name=\"_wpcf7\" value=\"846\" \/>\n<input type=\"hidden\" name=\"_wpcf7_version\" value=\"3.4.1\" \/>\n<input type=\"hidden\" name=\"_wpcf7_unit_tag\" value=\"wpcf7-f846-p14-o1\" \/>\n<input type=\"hidden\" name=\"_wpnonce\" value=\"a7e3f4bf39\" \/>\n<\/div>\n<p>Votre nom (obligatoire)<br \/>\n    <span class=\"wpcf7-form-control-wrap your-name\"><input type=\"text\" name=\"your-name\" value=\"\" size=\"40\" class=\"wpcf7-form-control wpcf7-text wpcf7-validates-as-required\" aria-required=\"true\" \/><\/span> <\/p>\n<p>Votre email (obligatoire)<br \/>\n    <span class=\"wpcf7-form-control-wrap your-email\"><input type=\"email\" name=\"your-email\" value=\"\" size=\"40\" class=\"wpcf7-form-control wpcf7-text wpcf7-email wpcf7-validates-as-required wpcf7-validates-as-email\" aria-required=\"true\" \/><\/span> <\/p>\n<p>Sujet<br \/>\n    <span class=\"wpcf7-form-control-wrap your-subject\"><input type=\"text\" name=\"your-subject\" value=\"\" size=\"40\" class=\"wpcf7-form-control wpcf7-text\" \/><\/span> <\/p>\n<p>Votre message<br \/>\n    <span class=\"wpcf7-form-control-wrap your-message\"><textarea name=\"your-message\" cols=\"40\" rows=\"10\" class=\"wpcf7-form-control wpcf7-textarea\"><\/textarea><\/span> <\/p>\n<p><input type=\"submit\" value=\"Envoyer\" class=\"wpcf7-form-control wpcf7-submit\" \/><\/p>\n<div class=\"wpcf7-response-output wpcf7-display-none\"><\/div><\/form><\/div><\/div>\n<div class=\"clear\"><\/div>\n","protected":false},"excerpt":{"rendered":"","protected":false},"author":1,"featured_media":0,"parent":0,"menu_order":6,"comment_status":"open","ping_status":"closed","template":"page-fullwidth.php","meta":[],"_links":{"self":[{"href":"https:\/\/www.rodjes-macrales.be\/rodjes\/wp-json\/wp\/v2\/pages\/14"}],"collection":[{"href":"https:\/\/www.rodjes-macrales.be\/rodjes\/wp-json\/wp\/v2\/pages"}],"about":[{"href":"https:\/\/www.rodjes-macrales.be\/rodjes\/wp-json\/wp\/v2\/types\/page"}],"author":[{"embeddable":true,"href":"https:\/\/www.rodjes-macrales.be\/rodjes\/wp-json\/wp\/v2\/users\/1"}],"replies":[{"embeddable":true,"href":"https:\/\/www.rodjes-macrales.be\/rodjes\/wp-json\/wp\/v2\/comments?post=14"}],"version-history":[{"count":39,"href":"https:\/\/www.rodjes-macrales.be\/rodjes\/wp-json\/wp\/v2\/pages\/14\/revisions"}],"predecessor-version":[{"id":1522,"href":"https:\/\/www.rodjes-macrales.be\/rodjes\/wp-json\/wp\/v2\/pages\/14\/revisions\/1522"}],"wp:attachment":[{"href":"https:\/\/www.rodjes-macrales.be\/rodjes\/wp-json\/wp\/v2\/media?parent=14"}],"curies":[{"name":"wp","href":"https:\/\/api.w.org\/{rel}","templated":true}]}}