{"id":928,"date":"2013-06-11T15:50:47","date_gmt":"2013-06-11T13:50:47","guid":{"rendered":"http:\/\/www.rodjes-macrales.be\/rodjes\/?page_id=928"},"modified":"2013-09-09T16:23:29","modified_gmt":"2013-09-09T14:23:29","slug":"grimoire","status":"publish","type":"page","link":"https:\/\/www.rodjes-macrales.be\/rodjes\/grimoire\/","title":{"rendered":"Grimoire"},"content":{"rendered":"<div class=\"grid_12 \"><h3>LE GRIMOIRE<\/h3><\/div>\n<div class=\"grid_4 \"><h3><img decoding=\"async\" loading=\"lazy\" class=\"alignnone size-full wp-image-745\" style=\"font-size: 16px;\" title=\"Les Rodjes Macr\u00e2les d'\u00e0s Bonc\u00e8les\" alt=\"Les Rodjes Macr\u00e2les d'\u00e0s Bonc\u00e8les\" src=\"http:\/\/www.rodjes-macrales.be\/rodjes\/wp-content\/uploads\/rodjes-macrales-sorciere-rouge.jpg\" width=\"300\" height=\"200\" \/><\/h3>\n<h2>Les Rodjes Macr\u00e2les d&rsquo;\u00e0s Bonc\u00e8les<\/h2>\n<div class=\"five_sixth last\"><p>Les Sorci\u00e8res Rouges de Boncelles.<\/p><\/div><div class=\"clear\"><\/div>\n<div class=\"clear\"><\/div><\/div>\n<div class=\"grid_4 \"><h3><img decoding=\"async\" loading=\"lazy\" class=\"alignnone size-full wp-image-745\" style=\"font-size: 16px;\" title=\"Rouge comme le feu et noir comme le charbon et l'acier\" alt=\"Rouge comme le feu et noir comme le charbon et l'acier\" src=\"http:\/\/www.rodjes-macrales.be\/rodjes\/wp-content\/uploads\/rodjes-macrales-sorciere-rouge-noir.jpg\" width=\"300\" height=\"200\" \/><\/h3>\n<h2>Rouge &amp; noir<\/h2>\n<div class=\"five_sixth last\"><p>Rouge comme le feu et noir comme le charbon et l&rsquo;acier.<\/p><\/div><div class=\"clear\"><\/div>\n<div class=\"clear\"><\/div><\/div>\n<div class=\"grid_4 \"><h3><img decoding=\"async\" loading=\"lazy\" class=\"alignnone size-full wp-image-745\" style=\"font-size: 16px;\" title=\"Cit\u00e9 du Fer\" alt=\"Cit\u00e9 du Fer\" src=\"http:\/\/www.rodjes-macrales.be\/rodjes\/wp-content\/uploads\/2013\/06\/HF6.jpg\" width=\"300\" height=\"200\" \/><\/h3>\n<h2>Cit\u00e9 du Fer<\/h2>\n<p>Ville de Seraing <a href=\"http:\/\/www.seraing.be\/\" target=\"_blank\">www.seraing.be<\/a><br \/>Photo par Pierre Machiroux.<br \/>\n<div class=\"clear\"><\/div><\/div>\n<div class=\"clear\"><\/div>\n<div class=\"sm_hr\"><\/div>\n<div class=\"grid_4 \"><h3><img decoding=\"async\" loading=\"lazy\" class=\"alignnone size-full wp-image-745\" style=\"font-size: 16px;\" title=\"Le Poison\" alt=\"Le Poison\" src=\"http:\/\/www.rodjes-macrales.be\/rodjes\/wp-content\/uploads\/2013\/06\/poison.jpg\" width=\"300\" height=\"200\" \/><\/h3>\n<h2>Le Poison<\/h2>\n<p>Breuvage pr\u00e9sent\u00e9 au public lors des f\u00eates de Wallonie de Seraing, mais cependant appr\u00e9ci\u00e9 toute l&rsquo;ann\u00e9e par les Macrales. Fabriqu\u00e9 avec du P\u00e8k\u00e8t et du sirop de violette,cette boisson a la r\u00e9putation de &#8230;<br \/>\nQualit\u00e9s th\u00e9rapeutiques : tonique,enivrant et envo\u00fbtant.<\/p>\n<div class=\"clear\"><\/div><\/div>\n<div class=\"grid_4 \"><h3><img decoding=\"async\" loading=\"lazy\" class=\"alignnone size-full wp-image-745\" style=\"font-size: 16px;\" title=\"L'Antidote\" alt=\"L'Antidote\" src=\"http:\/\/www.rodjes-macrales.be\/rodjes\/wp-content\/uploads\/rodjes-macrales-antidote.jpg\" width=\"300\" height=\"200\" \/><\/h3>\n<h2>L&rsquo;Antidote<\/h2>\n<div class=\"five_sixth last\"><p>A base de cointreau, triple sec, jus de citron, sucre et eau.<br \/>\nQualit\u00e9s th\u00e9rapeutiques : anti-poison,purifie le corps et l&rsquo;esprit. <\/p><\/div><div class=\"clear\"><\/div>\n<div class=\"clear\"><\/div><\/div>\n<div class=\"grid_4 \"><h3><img decoding=\"async\" loading=\"lazy\" class=\"alignnone size-full wp-image-745\" style=\"font-size: 16px;\" title=\"Le Sang\" alt=\"Le Sang\" src=\"http:\/\/www.rodjes-macrales.be\/rodjes\/wp-content\/uploads\/2013\/06\/sang.jpg\" width=\"300\" height=\"200\" \/><\/h3>\n<h2>Le Sang<\/h2>\n<div class=\"five_sixth last\"><p>Vin rouge, blanc ou ros\u00e9 s\u00e9lectionn\u00e9 par des membres avertis du cercle infernal.<br \/>\nQualit\u00e9s th\u00e9rapeutiques :<br \/>\nRevitalisant et parfait breuvage accompagnant  les aiguilles de Macr\u00e2les.<\/p><\/div><div class=\"clear\"><\/div>\n<div class=\"clear\"><\/div><\/div>\n<div class=\"clear\"><\/div>\n<div class=\"sm_hr\"><\/div>\n<div class=\"grid_4 \"><h3><img decoding=\"async\" loading=\"lazy\" class=\"alignnone size-full wp-image-745\" style=\"font-size: 16px;\" title=\"aiguilles\" alt=\"aiguilles\" src=\"http:\/\/www.rodjes-macrales.be\/rodjes\/wp-content\/uploads\/2013\/06\/aiguille.jpg\" width=\"300\" height=\"200\" \/><\/h3>\n<h2>LES AIGUILLES DES MACR\u00e2LES<\/h2>\n<p>Elles servent \u00e0 jeter des sorts, au travers d\u2019une poup\u00e9e repr\u00e9sentant une personne.<br \/>\nLors de nos manifestations, ces aiguilles se transforment en brochettes d\u2019agneau cuites sur un lit de braises et servies avec des crudit\u00e9s. Un d\u00e9lice pour vos papilles\u2026.<\/p>\n<div class=\"clear\"><\/div><\/div>\n<div class=\"grid_4 \"><h3><img decoding=\"async\" loading=\"lazy\" class=\"alignnone size-full wp-image-745\" style=\"font-size: 16px;\" title=\"Longchamps\" alt=\"Longchamps\" src=\"http:\/\/www.rodjes-macrales.be\/rodjes\/wp-content\/uploads\/rodjes-macrales-longchamps.jpg\" width=\"300\" height=\"200\" \/><\/h3>\n<h2>Longchamps<\/h2>\n<p>Course d\u00e9brid\u00e9e de Macr\u00e2les sur un parcours accident\u00e9 et dangereux (virage \u00e0 gauche, virage \u00e0 droite, obstacles, mont\u00e9es, descentes et surtout le passage des rivi\u00e8\u00e8\u00e8\u00e8res&#8230;) faisant chuter certains participants.<\/p>\n<div class=\"clear\"><\/div><\/div>\n<div class=\"grid_4 \"><h3><img decoding=\"async\" loading=\"lazy\" class=\"alignnone size-full wp-image-745\" style=\"font-size: 16px;\" title=\"Intronisation\" \" src=\"http:\/\/www.rodjes-macrales.be\/rodjes\/wp-content\/uploads\/2013\/06\/intro.jpg\" width=\"300\" height=\"200\" \/><\/h3>\n<h2>Intronisation<\/h2>\n<div class=\"five_sixth last\"><p>S\u00e9ance rituelle, \u00e0 laquelle les nouvelles \u00ab Macr\u00e2les \u00bb pr\u00eatent serment d\u2019all\u00e9geance \u00e0 la \u00ab Grande Rodje Macr\u00e2le \u00bb, en s\u2019engageant \u00e0 respecter la charte et porter avec fiert\u00e9 les couleurs de notre Ville \u00ab La Cit\u00e9 du Fer \u00bb.<\/p><\/div><div class=\"clear\"><\/div>\n<div class=\"clear\"><\/div><\/div>\n<div class=\"clear\"><\/div>\n<div class=\"sm_hr\"><\/div>\n","protected":false},"excerpt":{"rendered":"","protected":false},"author":1,"featured_media":0,"parent":0,"menu_order":0,"comment_status":"open","ping_status":"open","template":"page-fullwidth.php","meta":[],"_links":{"self":[{"href":"https:\/\/www.rodjes-macrales.be\/rodjes\/wp-json\/wp\/v2\/pages\/928"}],"collection":[{"href":"https:\/\/www.rodjes-macrales.be\/rodjes\/wp-json\/wp\/v2\/pages"}],"about":[{"href":"https:\/\/www.rodjes-macrales.be\/rodjes\/wp-json\/wp\/v2\/types\/page"}],"author":[{"embeddable":true,"href":"https:\/\/www.rodjes-macrales.be\/rodjes\/wp-json\/wp\/v2\/users\/1"}],"replies":[{"embeddable":true,"href":"https:\/\/www.rodjes-macrales.be\/rodjes\/wp-json\/wp\/v2\/comments?post=928"}],"version-history":[{"count":52,"href":"https:\/\/www.rodjes-macrales.be\/rodjes\/wp-json\/wp\/v2\/pages\/928\/revisions"}],"predecessor-version":[{"id":1947,"href":"https:\/\/www.rodjes-macrales.be\/rodjes\/wp-json\/wp\/v2\/pages\/928\/revisions\/1947"}],"wp:attachment":[{"href":"https:\/\/www.rodjes-macrales.be\/rodjes\/wp-json\/wp\/v2\/media?parent=928"}],"curies":[{"name":"wp","href":"https:\/\/api.w.org\/{rel}","templated":true}]}}

<div class="grid_12 "><h3>LE GRIMOIRE</h3></div>
<div class="grid_4 "><h3><img decoding="async" loading="lazy" class="alignnone size-full wp-image-745" style="font-size: 16px;" title="Les Rodjes Macrâles d'às Boncèles" alt="Les Rodjes Macrâles d'às Boncèles" src="http://www.rodjes-macrales.be/rodjes/wp-content/uploads/rodjes-macrales-sorciere-rouge.jpg" width="300" height="200" /></h3>
<h2>Les Rodjes Macrâles d&rsquo;às Boncèles</h2>
<div class="five_sixth last"><p>Les Sorcières Rouges de Boncelles.</p></div><div class="clear"></div>
<div class="clear"></div></div>
<div class="grid_4 "><h3><img decoding="async" loading="lazy" class="alignnone size-full wp-image-745" style="font-size: 16px;" title="Rouge comme le feu et noir comme le charbon et l'acier" alt="Rouge comme le feu et noir comme le charbon et l'acier" src="http://www.rodjes-macrales.be/rodjes/wp-content/uploads/rodjes-macrales-sorciere-rouge-noir.jpg" width="300" height="200" /></h3>
<h2>Rouge &amp; noir</h2>
<div class="five_sixth last"><p>Rouge comme le feu et noir comme le charbon et l&rsquo;acier.</p></div><div class="clear"></div>
<div class="clear"></div></div>
<div class="grid_4 "><h3><img decoding="async" loading="lazy" class="alignnone size-full wp-image-745" style="font-size: 16px;" title="Cité du Fer" alt="Cité du Fer" src="http://www.rodjes-macrales.be/rodjes/wp-content/uploads/2013/06/HF6.jpg" width="300" height="200" /></h3>
<h2>Cité du Fer</h2>
<p>Ville de Seraing <a href="http://www.seraing.be/" target="_blank">www.seraing.be</a><br />Photo par Pierre Machiroux.<br />
<div class="clear"></div></div>
<div class="clear"></div>
<div class="sm_hr"></div>
<div class="grid_4 "><h3><img decoding="async" loading="lazy" class="alignnone size-full wp-image-745" style="font-size: 16px;" title="Le Poison" alt="Le Poison" src="http://www.rodjes-macrales.be/rodjes/wp-content/uploads/2013/06/poison.jpg" width="300" height="200" /></h3>
<h2>Le Poison</h2>
<p>Breuvage présenté au public lors des fêtes de Wallonie de Seraing, mais cependant apprécié toute l&rsquo;année par les Macrales. Fabriqué avec du Pèkèt et du sirop de violette,cette boisson a la réputation de &#8230;<br />
Qualités thérapeutiques : tonique,enivrant et envoûtant.</p>
<div class="clear"></div></div>
<div class="grid_4 "><h3><img decoding="async" loading="lazy" class="alignnone size-full wp-image-745" style="font-size: 16px;" title="L'Antidote" alt="L'Antidote" src="http://www.rodjes-macrales.be/rodjes/wp-content/uploads/rodjes-macrales-antidote.jpg" width="300" height="200" /></h3>
<h2>L&rsquo;Antidote</h2>
<div class="five_sixth last"><p>A base de cointreau, triple sec, jus de citron, sucre et eau.<br />
Qualités thérapeutiques : anti-poison,purifie le corps et l&rsquo;esprit. </p></div><div class="clear"></div>
<div class="clear"></div></div>
<div class="grid_4 "><h3><img decoding="async" loading="lazy" class="alignnone size-full wp-image-745" style="font-size: 16px;" title="Le Sang" alt="Le Sang" src="http://www.rodjes-macrales.be/rodjes/wp-content/uploads/2013/06/sang.jpg" width="300" height="200" /></h3>
<h2>Le Sang</h2>
<div class="five_sixth last"><p>Vin rouge, blanc ou rosé sélectionné par des membres avertis du cercle infernal.<br />
Qualités thérapeutiques :<br />
Revitalisant et parfait breuvage accompagnant  les aiguilles de Macrâles.</p></div><div class="clear"></div>
<div class="clear"></div></div>
<div class="clear"></div>
<div class="sm_hr"></div>
<div class="grid_4 "><h3><img decoding="async" loading="lazy" class="alignnone size-full wp-image-745" style="font-size: 16px;" title="aiguilles" alt="aiguilles" src="http://www.rodjes-macrales.be/rodjes/wp-content/uploads/2013/06/aiguille.jpg" width="300" height="200" /></h3>
<h2>LES AIGUILLES DES MACRâLES</h2>
<p>Elles servent à jeter des sorts, au travers d’une poupée représentant une personne.<br />
Lors de nos manifestations, ces aiguilles se transforment en brochettes d’agneau cuites sur un lit de braises et servies avec des crudités. Un délice pour vos papilles….</p>
<div class="clear"></div></div>
<div class="grid_4 "><h3><img decoding="async" loading="lazy" class="alignnone size-full wp-image-745" style="font-size: 16px;" title="Longchamps" alt="Longchamps" src="http://www.rodjes-macrales.be/rodjes/wp-content/uploads/rodjes-macrales-longchamps.jpg" width="300" height="200" /></h3>
<h2>Longchamps</h2>
<p>Course débridée de Macrâles sur un parcours accidenté et dangereux (virage à gauche, virage à droite, obstacles, montées, descentes et surtout le passage des rivièèèères&#8230;) faisant chuter certains participants.</p>
<div class="clear"></div></div>
<div class="grid_4 "><h3><img decoding="async" loading="lazy" class="alignnone size-full wp-image-745" style="font-size: 16px;" title="Intronisation" " src="http://www.rodjes-macrales.be/rodjes/wp-content/uploads/2013/06/intro.jpg" width="300" height="200" /></h3>
<h2>Intronisation</h2>
<div class="five_sixth last"><p>Séance rituelle, à laquelle les nouvelles « Macrâles » prêtent serment d’allégeance à la « Grande Rodje Macrâle », en s’engageant à respecter la charte et porter avec fierté les couleurs de notre Ville « La Cité du Fer ».</p></div><div class="clear"></div>
<div class="clear"></div></div>
<div class="clear"></div>
<div class="sm_hr"></div>
